st common divisor of 9537 and 374.
187
Calculate the highest common divisor of 342 and 190.
38
What is the highest common divisor of 87 and 725?
29
Calculate the greatest common divisor of 48 and 3.
3
Calculate the highest common factor of 44 and 154.
22
What is the highest common divisor of 98 and 56?
14
Calculate the greatest common divisor of 946 and 7138.
86
What is the highest common divisor of 342 and 1596?
114
What is the greatest common divisor of 238 and 1003?
17
What is the highest common divisor of 3817 and 110?
11
Calculate the highest common factor of 12 and 30.
6
Calculate the greatest common divisor of 27 and 117.
9
Calculate the highest common divisor of 48 and 156.
12
What is the highest common factor of 8 and 72?
8
Calculate the highest common divisor of 1215 and 5.
5
What is the greatest common factor of 6 and 6378?
6
What is the greatest common divisor of 84 and 924?
84
Calculate the greatest common factor of 3752 and 201.
67
What is the highest common factor of 4661 and 237?
79
Calculate the highest common divisor of 42 and 112.
14
Calculate the greatest common divisor of 27 and 5.
1
What is the greatest common divisor of 158 and 1975?
79
Calculate the greatest common divisor of 310 and 30.
10
Calculate the greatest common factor of 6902 and 28.
14
What is the highest common divisor of 2049 and 15?
3
Calculate the highest common factor of 464 and 8.
8
Calculate the greatest common divisor of 330 and 176.
22
Calculate the highest common divisor of 16 and 1024.
16
What is the highest common divisor of 30 and 288?
6
Calculate the highest common factor of 705 and 15.
15
Calculate the highest common factor of 6 and 14.
2
What is the greatest common factor of 1096 and 16?
8
What is the highest common divisor of 8019 and 99?
99
What is the greatest common factor of 60 and 16?
4
What is the greatest common divisor of 1976 and 182?
26
What is the highest common divisor of 3132 and 2484?
108
What is the greatest common factor of 44 and 1342?
22
Calculate the highest common factor of 20 and 352.
4
Calculate the greatest common factor of 60 and 24.
12
What is the greatest common factor of 74 and 2?
2
What is the greatest common factor of 621 and 207?
207
What is the highest common factor of 22 and 2112?
22
Calculate the highest common divisor of 60 and 135.
15
What is the greatest common divisor of 411 and 41511?
411
Calculate the highest common divisor of 1352 and 39.
13
Calculate the greatest common factor of 3710 and 140.
70
Calculate the greatest common factor of 525 and 3045.
105
Calculate the highest common divisor of 15 and 28950.
15
What is the highest common factor of 315 and 180?
45
What is the highest common factor of 35 and 875?
35
Calculate the greatest common divisor of 12 and 620.
4
Calculate the greatest common factor of 67 and 101304.
67
What is the highest common factor of 30 and 810?
30
What is the highest common factor of 15 and 305?
5
What is the highest common factor of 132 and 253?
11
Calculate the greatest common factor of 136 and 34.
34
Calculate the highest common factor of 12 and 492.
12
What is the highest common divisor of 168 and 35?
7
What is the highest common divisor of 44 and 40?
4
What is the highest common divisor of 126 and 189?
63
Calculate the highest common divisor of 1105 and 65.
65
Calculate the highest common divisor of 40 and 2620.
20
What is the highest common divisor of 63 and 1113?
21
What is the greatest common factor of 34 and 731?
17
What is the highest common factor of 24 and 216?
24
What is the greatest common divisor of 438 and 6?
6
What is the greatest common factor of 65056 and 19?
19
Calculate the greatest common factor of 3568 and 16.
16
Calculate the highest common divisor of 7048 and 8.
8
Calculate the greatest common factor of 8245 and 194.
97
What is the highest common divisor of 920 and 46?
46
Calculate the greatest common divisor of 27 and 999.
27
What is the highest common factor of 3278 and 154?
22
Calculate the greatest common divisor of 195 and 20.
5
What is the greatest common divisor of 180 and 216?
36
What is the greatest common divisor of 1650 and 198?
66
Calculate the highest common factor of 1962 and 18.
18
Calculate the greatest common divisor of 40 and 440.
40
What is the greatest common divisor of 60 and 2940?
60
Calculate the greatest common divisor of 50 and 1150.
50
What is the highest common factor of 51 and 168?
3
Calculate the greatest common divisor of 8895 and 30.
15
Calculate the greatest common factor of 522 and 116.
58
What is the highest common divisor of 1 and 169?
1
Calculate the highest common factor of 737 and 67.
67
Calculate the highest common factor of 1235 and 15.
5
Calculate the highest common divisor of 69 and 18630.
69
Calculate the highest common divisor of 24 and 600.
24
Calculate the highest common divisor of 10 and 1130.
10
Calculate the highest common factor of 2758 and 14.
14
What is the greatest common factor of 7 and 3?
1
Calculate the highest common divisor of 231 and 9681.
21
What is the highest common divisor of 46631 and 26?
13
What is the highest common factor of 1261 and 13?
13
What is the greatest common factor of 666 and 54?
18
Calculate the highest common divisor of 90 and 7335.
45
Calculate the greatest common factor of 135 and 6345.
135
What is the greatest common divisor of 130 and 702?
26
Calculate the greatest common divisor of 17479 and 22.
11
Calculate the highest common divisor of 1170 and 15.
15
What is the highest common factor of 32 and 8?
8
Calculate the greatest common factor of 960 and 30.
30
Calculate the highest common factor of 2950 and 250.
50
Calculate the greatest common factor of 20628 and 216.
108
Calculate the highest common divisor of 207 and 711.
9
Calculate the highest common divisor of 16 and 3184.
16
Calculate the greatest common divisor of 289 and 51.
17
Calculate the highest common factor of 6510 and 7.
7
Calculate the highest common divisor of 1007 and 106.
53
Calculate the highest common divisor of 40 and 640.
40
Calculate the greatest common divisor of 1067 and 485.
97
What is the greatest common factor of 65 and 1079?
13
Calculate the greatest common divisor of 5720 and 234.
26
Calculate the greatest common divisor of 48 and 7212.
12
What is the highest common divisor of 135 and 95?
5
Calculate the greatest common factor of 90 and 4410.
90
What is the highest common factor of 13802 and 134?
134
What is the highest common factor of 1843 and 19?
19
What is the greatest common divisor of 572 and 132?
44
What is the highest common divisor of 91 and 52?
13
What is the greatest common factor of 14 and 13615?
7
Calculate the greatest common divisor of 27 and 33.
3
What is the greatest common factor of 81 and 135?
27
What is the highest common divisor of 897 and 169?
13
Calculate the greatest common factor of 94 and 13489.
47
Calculate the greatest common divisor of 8410 and 580.
290
What is the highest common factor of 45 and 555?
15
What is the greatest common divisor of 19 and 29944?
19
What is the greatest common factor of 1590 and 6?
6
What is the greatest common divisor of 189 and 315?
63
Calculate the highest common divisor of 63 and 132.
3
What is the highest common factor of 19 and 1?
1
Calculate the greatest common divisor of 209 and 95.
19
What is the highest common divisor of 160 and 1664?
32
What is the greatest common divisor of 60 and 3180?
60
What is the greatest common factor of 26 and 169?
13
Calculate the greatest common factor of 32 and 4832.
32
What is the greatest common factor of 22 and 209?
11
What is the greatest common divisor of 147 and 42?
21
What is the greatest common divisor of 14841 and 102?
51
Calculate the highest common factor of 64 and 288.
32
What is the greatest common divisor of 32 and 73?
1
Calculate the greatest common factor of 8 and 216.
8
What is the highest common divisor of 338 and 78?
26
Calculate the greatest common factor of 965 and 579.
193
Calculate the greatest common divisor of 9 and 3573.
9
Calculate the greatest common factor of 260 and 4640.
20
What is the highest common divisor of 1162 and 70?
14
What is the greatest common factor of 16 and 4504?
8
Calculate the greatest common divisor of 625 and 15.
5
Calculate the greatest common fa